{"id":931,"date":"2021-03-30T14:20:45","date_gmt":"2021-03-30T12:20:45","guid":{"rendered":"http:\/\/biegkonopielki.pl\/?page_id=931"},"modified":"2021-03-30T14:23:07","modified_gmt":"2021-03-30T12:23:07","slug":"deklaracja-dostepnosci","status":"publish","type":"page","link":"https:\/\/biegkonopielki.pl\/?page_id=931","title":{"rendered":"Deklaracja dost\u0119pno\u015bci"},"content":{"rendered":"<p><strong>Deklaracja dost\u0119pno\u015bci strony internetowej biegkonopielki.pl<\/strong><\/p>\n<p>O\u015brodek Kultury w Gminie Juchnowiec Ko\u015bcielny zobowi\u0105zuje si\u0119 zapewni\u0107 dost\u0119pno\u015b\u0107 strony internetowej biegkonopielki.pl zgodnie z ustaw\u0105 z dnia 4 kwietnia 2019 r. o dost\u0119pno\u015bci cyfrowej stron internetowych i aplikacji mobilnych podmiot\u00f3w publicznych. O\u015bwiadczenie w sprawie dost\u0119pno\u015bci ma zastosowanie do strony internetowej biegkonopielki.pl<\/p>\n<p>Data publikacji strony internetowej: 2020-12-01<\/p>\n<p>Data ostatniej du\u017cej aktualizacji: 2020-12-01<\/p>\n<p>Strona internetowa jest cz\u0119\u015bciowo zgodna z ustaw\u0105 z dnia 4 kwietnia 2019 r. o dost\u0119pno\u015bci cyfrowej stron internetowych i aplikacji mobilnych podmiot\u00f3w publicznych z powodu niezgodno\u015bci lub wy\u0142\u0105cze\u0144 wymienionych poni\u017cej:<\/p>\n<p>\u2013 nie wszystkie tre\u015bci nietekstowe posiadaj\u0105 swoj\u0105 tekstow\u0105 alternatyw\u0119,<br \/>\n\u2013 materia\u0142y multimedialne nie posiadaj\u0105 audiodeskrypcji.<\/p>\n<p>Filmy nie posiadaj\u0105 audiodeskrypcji. Podmiot publiczny b\u0119dzie d\u0105\u017cy\u0107 do zlikwidowania wy\u017cej wymienionych niezgodno\u015bci niezw\u0142ocznie, przy uwzgl\u0119dnieniu warunk\u00f3w organizacyjno-technicznych.<\/p>\n<p>O\u015bwiadczenie sporz\u0105dzono dnia 2020-12-01. Deklaracj\u0119 sporz\u0105dzono na podstawie samooceny przeprowadzonej przez podmiot publiczny.<\/p>\n<p><strong>Informacje zwrotne i dane kontaktowe<\/strong><\/p>\n<p>W przypadku problem\u00f3w z dost\u0119pno\u015bci\u0105 strony internetowej prosimy o kontakt z koordynatorem ds. dost\u0119pno\u015bci. Adres poczty elektronicznej: ok@okjuchnowiec.pl, tel. 85 719 60 56 T\u0105 sam\u0105 drog\u0105 mo\u017cna sk\u0142ada\u0107 wnioski o udost\u0119pnienie informacji niedost\u0119pnej oraz sk\u0142ada\u0107 skargi na brak zapewnienia dost\u0119pno\u015bci.<\/p>\n<p>Ka\u017cdy ma prawo do wyst\u0105pienia z \u017c\u0105daniem zapewnienia dost\u0119pno\u015bci cyfrowej strony internetowej, aplikacji mobilnej lub jakiego\u015b ich elementu. Mo\u017cna tak\u017ce za\u017c\u0105da\u0107 udost\u0119pnienia informacji w formach alternatywnych, na przyk\u0142ad odczytanie niedost\u0119pnego cyfrowo dokumentu, opisania zawarto\u015bci filmu bez audiodeskrypcji itp. \u017b\u0105danie powinno zawiera\u0107 dane osoby zg\u0142aszaj\u0105cej \u017c\u0105danie, wskazanie, o kt\u00f3r\u0105 stron\u0119 internetow\u0105 lub aplikacj\u0119 mobiln\u0105 chodzi oraz spos\u00f3b kontaktu. Je\u017celi osoba \u017c\u0105daj\u0105ca zg\u0142asza potrzeb\u0119 otrzymania informacji w formie alternatywnej, powinna tak\u017ce okre\u015bli\u0107 form\u0119 tej informacji.<\/p>\n<p>Podmiot publiczny powinien zrealizowa\u0107 \u017c\u0105danie niezw\u0142ocznie i nie p\u00f3\u017aniej ni\u017c w ci\u0105gu 7 dni. Je\u017celi dotrzymanie tego terminu nie jest mo\u017cliwe, podmiot publiczny niezw\u0142ocznie informuje o tym, kiedy realizacja \u017c\u0105dania b\u0119dzie mo\u017cliwa, przy czym termin ten nie mo\u017ce by\u0107 d\u0142u\u017cszy ni\u017c 2 miesi\u0105ce. Je\u017celi zapewnienie dost\u0119pno\u015bci nie jest mo\u017cliwe, podmiot publiczny mo\u017ce zaproponowa\u0107 alternatywny spos\u00f3b dost\u0119pu do informacji.<\/p>\n<p>W przypadku, gdy podmiot odm\u00f3wi realizacji \u017c\u0105dania zapewnienia dost\u0119pno\u015bci lub alternatywnego dost\u0119pu do informacji, mo\u017cna z\u0142o\u017cy\u0107 skarg\u0119 na takie dzia\u0142anie. Po wyczerpaniu wszystkich mo\u017cliwo\u015bci skarg\u0119 mo\u017cna przes\u0142a\u0107 tak\u017ce do Rzecznika Praw Obywatelskich.<\/p>\n<p><strong>Dost\u0119pno\u015b\u0107 architektoniczna<\/strong><br \/>\nBudynek przy ul. Plac Kr\u00f3lowej Rodzin 1 \u2013 O\u015brodek Kultury w Gminie Juchnowiec Ko\u015bcielny<\/p>\n<p>Do budynku prowadz\u0105 dwa wej\u015bcia schodami z zamontowanymi barierkami. Przy obu wej\u015bciach nie ma podjazd\u00f3w u\u0142atwiaj\u0105cych wej\u015bcie do budynku. Nad wej\u015bciami nie ma g\u0142o\u015bnik\u00f3w systemu naprowadzaj\u0105cego d\u017awi\u0119kowo osoby niewidome i s\u0142abowidz\u0105ce. W budynku nie ma p\u0119tli indukcyjnej.<\/p>\n<p>Przy budynku jest wydzielone miejsce parkingowe dla os\u00f3b niepe\u0142nosprawnych.<\/p>\n<p>Toalety wewn\u0105trz nie s\u0105 przystosowane do potrzeb os\u00f3b niepe\u0142nosprawnych. Szeroko\u015b\u0107 drzwi nie jest przystosowana do korzystania przez osoby poruszaj\u0105ce si\u0119 na w\u00f3zkach inwalidzkich.<\/p>\n<p>Do budynku i wszystkich jego pomieszcze\u0144 mo\u017cna wej\u015b\u0107 z psem asystuj\u0105cym i psem przewodnikiem.<\/p>\n<p>W O\u015brodku Kultury w Gminie Juchnowiec Ko\u015bcielny nie mo\u017cna skorzysta\u0107 z t\u0142umacza j\u0119zyka migowego.<\/p>\n<p>W zwi\u0105zku z warunkami technicznymi i niemo\u017cno\u015bci\u0105 zapewnienia pe\u0142nej dost\u0119pno\u015bci O\u015brodka osobom ze szczeg\u00f3lnymi potrzebami, przewidziany zostaje dost\u0119p alternatywny. W tym celu nale\u017cy skontaktowa\u0107 si\u0119 z Koordynatorem do spraw dost\u0119pno\u015bci.<\/p>\n","protected":false},"excerpt":{"rendered":"<p>Deklaracja dost\u0119pno\u015bci strony internetowej biegkonopielki.pl O\u015brodek Kultury w Gminie Juchnowiec Ko\u015bcielny zobowi\u0105zuje si\u0119 zapewni\u0107 dost\u0119pno\u015b\u0107 strony internetowej biegkonopielki.pl zgodnie z ustaw\u0105 z dnia 4 kwietnia 2019 r. o dost\u0119pno\u015bci cyfrowej stron internetowych i aplikacji mobilnych podmiot\u00f3w publicznych. O\u015bwiadczenie w sprawie dost\u0119pno\u015bci ma zastosowanie do strony internetowej biegkonopielki.pl Data publikacji strony internetowej: 2020-12-01 Data ostatniej du\u017cej aktualizacji: 2020-12-01 Strona internetowa jest cz\u0119\u015bciowo zgodna z ustaw\u0105 z dnia 4 kwietnia 2019 r. o dost\u0119pno\u015bci cyfrowej stron internetowych i aplikacji mobilnych podmiot\u00f3w publicznych z powodu niezgodno\u015bci lub wy\u0142\u0105cze\u0144 wymienionych poni\u017cej: \u2013 nie wszystkie tre\u015bci nietekstowe posiadaj\u0105 swoj\u0105 tekstow\u0105 alternatyw\u0119, \u2013 materia\u0142y multimedialne nie posiadaj\u0105 audiodeskrypcji. Filmy nie posiadaj\u0105 audiodeskrypcji. Podmiot publiczny b\u0119dzie d\u0105\u017cy\u0107 do zlikwidowania wy\u017cej wymienionych niezgodno\u015bci niezw\u0142ocznie, przy uwzgl\u0119dnieniu warunk\u00f3w organizacyjno-technicznych. O\u015bwiadczenie sporz\u0105dzono dnia 2020-12-01. Deklaracj\u0119 sporz\u0105dzono na podstawie samooceny przeprowadzonej przez podmiot publiczny. Informacje zwrotne i dane kontaktowe W przypadku problem\u00f3w z dost\u0119pno\u015bci\u0105 strony internetowej prosimy o kontakt z koordynatorem ds. dost\u0119pno\u015bci. Adres poczty elektronicznej: ok@okjuchnowiec.pl, tel. 85 719 60 56 T\u0105 sam\u0105 drog\u0105 mo\u017cna sk\u0142ada\u0107 wnioski o udost\u0119pnienie informacji niedost\u0119pnej oraz sk\u0142ada\u0107 skargi na brak zapewnienia dost\u0119pno\u015bci. Ka\u017cdy ma prawo do wyst\u0105pienia z \u017c\u0105daniem zapewnienia dost\u0119pno\u015bci cyfrowej strony internetowej, aplikacji mobilnej lub jakiego\u015b ich elementu. Mo\u017cna tak\u017ce za\u017c\u0105da\u0107 udost\u0119pnienia&#8230;<\/p>\n","protected":false},"author":3,"featured_media":0,"parent":0,"menu_order":0,"comment_status":"closed","ping_status":"closed","template":"","meta":{"footnotes":""},"class_list":["post-931","page","type-page","status-publish","hentry"],"wppr_data":{"cwp_meta_box_check":"No"},"_links":{"self":[{"href":"https:\/\/biegkonopielki.pl\/index.php?rest_route=\/wp\/v2\/pages\/931"}],"collection":[{"href":"https:\/\/biegkonopielki.pl\/index.php?rest_route=\/wp\/v2\/pages"}],"about":[{"href":"https:\/\/biegkonopielki.pl\/index.php?rest_route=\/wp\/v2\/types\/page"}],"author":[{"embeddable":true,"href":"https:\/\/biegkonopielki.pl\/index.php?rest_route=\/wp\/v2\/users\/3"}],"replies":[{"embeddable":true,"href":"https:\/\/biegkonopielki.pl\/index.php?rest_route=%2Fwp%2Fv2%2Fcomments&post=931"}],"version-history":[{"count":4,"href":"https:\/\/biegkonopielki.pl\/index.php?rest_route=\/wp\/v2\/pages\/931\/revisions"}],"predecessor-version":[{"id":936,"href":"https:\/\/biegkonopielki.pl\/index.php?rest_route=\/wp\/v2\/pages\/931\/revisions\/936"}],"wp:attachment":[{"href":"https:\/\/biegkonopielki.pl\/index.php?rest_route=%2Fwp%2Fv2%2Fmedia&parent=931"}],"curies":[{"name":"wp","href":"https:\/\/api.w.org\/{rel}","templated":true}]}}